 6307606?
2, 1429, 2207
List the prime factors of 1874142.
2, 3, 104119
List the prime factors of 27960601.
157, 178093
List the prime factors of 21737158.
2, 683, 15913
What are the prime factors of 2170426?
2, 641, 1693
What are the prime factors of 3624398?
2, 1812199
List the prime factors of 4110090.
2, 3, 5, 17, 8059
List the prime factors of 35455.
5, 7, 1013
What are the prime factors of 3950570?
2, 5, 13, 30389
What are the prime factors of 6977940?
2, 3, 5, 19, 6121
List the prime factors of 17468545.
5, 1201, 2909
List the prime factors of 193629.
3, 19, 43, 79
List the prime factors of 37631625.
3, 5, 17, 5903
What are the prime factors of 625240?
2, 5, 7, 11, 29
What are the prime factors of 170662?
2, 85331
List the prime factors of 6531.
3, 7, 311
What are the prime factors of 2817031?
7, 29, 13877
List the prime factors of 3355635.
3, 5, 349, 641
What are the prime factors of 1542429?
3, 7, 8161
What are the prime factors of 11958801?
3, 461, 8647
What are the prime factors of 501408?
2, 3, 1741
What are the prime factors of 240285?
3, 5, 83, 193
What are the prime factors of 369842?
2, 11, 16811
What are the prime factors of 478751?
7, 13, 5261
What are the prime factors of 17700428?
2, 4425107
What are the prime factors of 764008?
2, 7, 1949
List the prime factors of 799040.
2, 5, 11, 227
List the prime factors of 4695835.
5, 939167
What are the prime factors of 38609729?
19, 71, 28621
List the prime factors of 3562312.
2, 13, 34253
List the prime factors of 470884.
2, 117721
What are the prime factors of 1487500?
2, 5, 7, 17
What are the prime factors of 3312456?
2, 3, 7, 19717
List the prime factors of 6656309.
11, 41, 14759
What are the prime factors of 349612?
2, 87403
List the prime factors of 2109601.
13, 162277
List the prime factors of 130566.
2, 3, 47, 463
What are the prime factors of 148682?
2, 17, 4373
List the prime factors of 24051354.
2, 3, 4008559
List the prime factors of 194041.
61, 3181
What are the prime factors of 26746?
2, 43, 311
List the prime factors of 1234425.
3, 5, 109, 151
What are the prime factors of 218992?
2, 13687
What are the prime factors of 196361?
11, 17851
What are the prime factors of 27059881?
401, 67481
What are the prime factors of 5612372?
2, 19, 73847
List the prime factors of 1725179.
1725179
What are the prime factors of 239224?
2, 17, 1759
What are the prime factors of 498725?
5, 19949
What are the prime factors of 22813156?
2, 5703289
What are the prime factors of 6597870?
2, 3, 5, 17, 761
List the prime factors of 12161118.
2, 3, 281, 7213
List the prime factors of 972655.
5, 17, 11443
List the prime factors of 2167072.
2, 241, 281
What are the prime factors of 66141?
3, 7349
What are the prime factors of 262329?
3, 87443
What are the prime factors of 30234?
2, 3, 5039
List the prime factors of 22980606.
2, 3, 11, 348191
List the prime factors of 13851716.
2, 241, 14369
What are the prime factors of 16590083?
523, 31721
List the prime factors of 12113.
12113
What are the prime factors of 1724678?
2, 23, 37493
List the prime factors of 853401.
3, 284467
What are the prime factors of 631886?
2, 37, 8539
List the prime factors of 196962.
2, 3, 17, 1931
What are the prime factors of 126341?
126341
List the prime factors of 3707400.
2, 3, 5, 37, 167
List the prime factors of 7732975.
5, 283, 1093
What are the prime factors of 11183913?
3, 13, 19, 43
List the prime factors of 10653445.
5, 11, 17609
List the prime factors of 825009.
3, 275003
List the prime factors of 44244.
2, 3, 1229
List the prime factors of 431467.
59, 71, 103
What are the prime factors of 5607218?
2, 31, 90439
What are the prime factors of 789990?
2, 3, 5, 17, 1549
What are the prime factors of 2252458?
2, 13, 41, 2113
What are the prime factors of 8976803?
11, 149, 5477
What are the prime factors of 3424673?
7, 489239
List the prime factors of 1383916.
2, 345979
What are the prime factors of 17542186?
2, 47, 186619
What are the prime factors of 3310411?
13, 254647
List the prime factors of 2398288.
2, 149893
What are the prime factors of 1272711?
3, 11, 38567
What are the prime factors of 293734?
2, 7, 20981
What are the prime factors of 16355831?
16355831
What are the prime factors of 353125?
5, 113
What are the prime factors of 929769?
3, 29, 10687
List the prime factors of 25621424.
2, 19, 271, 311
List the prime factors of 14320275.
3, 5, 41, 4657
What are the prime factors of 39279?
3, 13093
What are the prime factors of 269150?
2, 5, 7, 769
What are the prime factors of 1046836?
2, 7, 109
List the prime factors of 193032.
2, 3, 7, 383
List the prime factors of 78628.
2, 11, 1787
List the prime factors of 153776.
2, 7, 1373
What are the prime factors of 1989988?
2, 7, 11, 13, 71
What are the prime factors of 11550748?
2, 11, 79, 3323
List the prime factors of 414899.
414899
List the prime factors of 335160.
2, 3, 5, 7, 19
What are the prime factors of 520141?
157, 3313
List the prime factors of 2856899.
23, 124213
List the prime factors of 248445.
3, 5, 5521
List the prime factors of 806669.
79, 10211
List the prime factors of 7368890.
2, 5, 736889
List the prime factors of 60423.
3, 11, 1831
What are the prime factors of 9034625?
5, 72277
List the prime factors of 3433582.
2, 1716791
List the prime factors of 695983.
223, 3121
What are the prime factors of 4280756?
2, 1070189
What are the prime factors of 489159?
3, 11, 61
What are the prime factors of 345635?
5, 69127
List the prime factors of 325504.
2, 2543
What are the prime factors of 1093936?
2, 68371
What are the prime factors of 15151867?
43, 352369
What are the prime factors of 314730?
2, 3, 5, 13, 269
What are the prime factors of 3331?
3331
List the prime factors of 989249.
989249
List the prime factors of 6591223.
17, 22807
List the prime factors of 715294.
2, 31, 83, 139
List the prime factors of 1153069.
29, 39761
What are the prime factors of 2289222?
2, 3, 13, 1087
What are the prime factors of 2545202?
2, 11, 19, 6089
List the prime factors of 956732.
2, 7, 47, 727
What are the prime factors of 1326527?
17, 78031
What are the prime factors of 8714314?
2, 7, 37, 16823
List the prime factors of 2556680.
2, 5, 7, 23, 397
What are the prime factors of 156971?
156971
What are the prime factors of 4638403?
7, 11, 59, 1021
List the prime factors of 166766.
2, 83383
What are the prime factors of 245459?
389, 631
List the prime factors of 6213.
3, 19, 109
What are the prime factors of 27564640?
2, 5, 172279
What are the prime factors of 1116265?
5, 223253
List the prime factors of 6969.
3, 23, 101
What are the prime factors of 24811051?
24811051
List the prime factors of 625315.
5, 125063
What are the prime factors of 1354830?
2, 3, 5, 45161
List the prime factors of 14116100.
2, 5, 141161
List the prime factors of 12545308.
2, 3136327
What are the prime factors of 5026337?
151, 33287
List the prime factors of 385664.
2, 23, 131
List the prime factors of 231845.
5, 89, 521
List the prime factors of 25125337.
17, 1477961
What are the prime factors of 1275499?
1275499
What are the prime factors of 745484?
2, 17, 19, 577
List the prime factors of 3553907.
7, 43, 11807
List the prime factors of 243875.
5, 1951
List the prime factors of 49391.
49391
What are the prime factors of 16675027?
19, 67, 13099
What are the prime factors of 234853?
23, 10211
List the prime factors of 1682341.
593, 2837
List the prime factors of 127851.
3, 19, 2243
List the prime factors of 1620761.
547, 2963
What are the prime factors of 10690232?
2, 7, 27271
List the prime factors of 326099.
326099
List the prime factors of 581744.
2, 103, 353
What are the prime factors of 20723536?
2, 1295221
List the prime factors of 10374181.
31, 334651
What are the prime factors of 2423278?
2, 11, 13, 37, 229
List the prime factors of 4761061.
4761061
What are the prime factors of 398856?
2, 3, 16619
What are the prime factors of 778474?
2, 103, 3779
List the prime factors of 449509.
61, 7369
What are the prime factors of 1434814?
2, 233, 3079
What are the prime factors of 30023880?
2, 3, 5, 250199
What are the prime factors of 9229428?
2, 3, 13, 37, 41
List the prime factors of 702835.
5, 7, 43, 467
What are the prime factors of 2688572?
2, 672143
What are the prime factors of 858675